29 - (-79 + 57)) - 6
-9
Evaluate -35 + 1 + 71 + (789 - 781).
45
(-1 + -6 + -6 + (-1 - -1) - -34) + -5
16
Evaluate -9 + 1 + (17 - (-37 + -25 + 22)).
49
Calculate (14 + 9 - (-5 - (-3 + 1 + 0))) + -8.
18
What is the value of -15 - (17 + 23 - 72)?
17
What is the value of 2 + (11 - 2) + (124 + -132 - -100) - -14?
117
What is the value of -24 + 60 - (-9 - -43) - (23 - -2)?
-23
What is -7 - (25 - 10) - (-63 - -20)?
21
-74 + 169 + -72 + -89
-66
-13 + (245 + -258 - (-2 - -28))
-52
-99 - (-2 - 31) - ((5 - 6) + 3 + -14)
-54
Evaluate (40 + 4 - 0) + 6 - (96 - 92).
46
What is the value of 93 - (24 + 62) - (-11 + -2)?
20
-17 + -11 - 3 - (7 + -3 - (6 + -1))
-30
What is -15 - 0 - (-10 - 42 - -36)?
1
Evaluate 65 + (64 - -4 - 81).
52
What is 1 - (-30 - (2 + -40))?
-7
What is (87 - (-33 + 7) - (0 - 6)) + -11?
108
Calculate 60 - (13 - (-22 + -45)).
-20
Calculate -4 + -61 - (-45 + (22 - -41)) - -4.
-79
Calculate 40 - 16 - 20 - (-10 - (-17 + 23)).
20
What is 16 - ((-30 - 19) + (-23 - -1))?
87
Evaluate -42 + (-149 - -77) + 80.
-34
Evaluate (-18 - (-22 - (20 + -25))) + -7.
-8
What is 39 - (137 - (96 + 86))?
84
Calculate (-80 - -88) + (-45 - (1 + 0)).
-38
What is the value of 62 + -137 + 8 + 63?
-4
What is 8 + (28 - (-20 + 8)) + -5 + 0?
43
Evaluate (361 - 363) + (23 - (5 + -2 - 3)).
21
Calculate -11 - 31 - (14 + 31 + -49).
-38
What is 1 - (14 - (31 - 28))?
-10
-14 - -2 - (831 - 836) - (2 + 23)
-32
-12 - (5 + -8 + 13 - (-11 - 19 - -1))
-51
50 + (-70 - 12 - -18)
-14
Evaluate (2 - -36) + 14 + (-18 - -9) - 2.
41
What is the value of (-4 - 3) + 1 + (60 - 41) + -71?
-58
(20 - -1) + (30 - (-47 + 93)) + 43
48
Calculate 14 - (0 + -11 + 22 + -48).
51
What is 17 + -20 + 29 + 13?
39
What is -2 + 92 + 0 + -4408 + 4380?
62
16 - (5 + -30) - 21 - 50
-30
What is -6 + -4 + -45 + 35 + -16?
-36
What is the value of 1 + -11 + -18 + -17 + 119 + -65?
9
Calculate (-37 - -48) + (-9 - (6 + 2 + -125)) + 5.
124
Evaluate -129 + 63 - (1 - 2 - (5 + 2) - -3).
-61
Evaluate (-5 + -20 - -29) + -52.
-48
Evaluate -3 + 17 - 0 - (87 - 35).
-38
(104 - 163) + 38 + 33
12
What is the value of -449 + 235 - -272 - ((0 - 0) + 0)?
58
Evaluate (-3 + -6 + 2 + 5 - -32) + (1 - -5).
36
What is the value of (11 - 38) + 20 + (-1 - -1 - -28)?
21
-2 + -3 + (3 + -4 - -9) - (-57 - -45)
15
85 - (-12 + (0 - -1) - (-890 - -858))
64
What is the value of -5 + -49 + -31 + -29 + 92?
-22
Evaluate 28 - (12 + -42) - 55.
3
Evaluate (-29 - -11) + (35 - -12 - -25).
54
15 - 1 - (2 - -16) - (-47 + 1)
42
Evaluate (-52 - (36 + 4)) + 23 + -42.
-111
79 - (-101 + (158 - 57))
79
Calculate (-76 - (89 - 261)) + -97.
-1
15 + -9 - (43 + 6 - (1 + -9 + 13))
-38
Calculate 93 + -117 - (-30 - -5).
1
-10 + -1 + (-172 + 91 - -43)
-49
What is 1 + -77 + (-8 - (159 + -165))?
-78
Calculate -45 + (-3 - ((19 - 11) + 11 + -33)).
-34
-1 + -153 + (5574 - 5536)
-116
-28 + (-7 + 15 - 28) - (1 - 9)
-40
What is -5 + -32 - (-1 + (-242 - -232) + 1 + 10)?
-37
Calculate 1 + 6 + -16 + (-5 - -4) + -1.
-11
Calculate -61 - (-350 + 335 + (-3 - (-1 + -15 - -3))).
-56
What is 0 - 1 - ((66 - 130) + 77)?
-14
Calculate -11 + -16 + (22 - (21 - 26)).
0
17 + (11 - 1 - 1) + (1962 - 1950)
38
What is (-13 - (-9 + -7 - -14)) + 21?
10
(1 - 0 - 12) + (-76 - -102 - 52)
-37
11 + -28 + -1 + -1 + 7 + 15
3
Evaluate -2 + -11 + 54 - 9.
32
64 + -160 + 93 + -8
-11
Calculate -27 + 18 + -2 + -8 + -6 + 9.
-16
What is (-241 - (-113 + -14)) + -4?
-118
Evaluate -4 + -14 + (20 - 26 - -102) + -6 + -1.
71
(-4 - (-8 + (4 + -1 - 1))) + (-59 - -60)
3
What is (9 - 1) + (-4 + 11 - (-89 - -68))?
36
(23 - (-27 + 19)) + -10 - -48
69
Evaluate 6 + 2 - (-58 + 71 + (-27 - -1)).
21
-1 - (-710 - -650 - (4 + -1 + -22))
40
Calculate 102 - (40 + 78) - (-28 - -1).
11
Calculate (-1 - -30) + -1370 + 1319.
-22
9409 + -9349 - (0 + 109)
-49
Calculate (9 - -9) + -2 - (27 + -2) - 35.
-44
Evaluate 530 + (581 - 1112) + 0 + 26 + 0.
25
Evaluate 29 - 45 - -23 - 35.
-28
What is the value of -18 - ((-92 - -77) + (17 - 10))?
-10
Evaluate -3 - (-7 - 14) - -2 - (118 + -120).
22
What is (225 - (327 - 144)) + 0 + -9?
33
Calculate -183 + -102 + 50 + 169.
-66
Evaluate 34 + 15 + -47 + (-3 - 10 - 5).
-16
(66 - (-107 - -160)) + 0 + 17
30
Evaluate 1 + 55 + -56 + 119.
119
What is (2 + -6 - (-8 + -3)) + (-23 - (7 - -38))?
-61
-19 + (-19 - -46) + (17 - 1)
24
(-1 - 0) + (51 - (68 - 33) - (-3 + 75))
-57
Evaluate (-2 - -5) + (-91 - -152) + -2.
62
-398 + 374 + 76 + -5
47
What is the value of 100 + 145 + -131 - 52?
62
-4 - -13 - 3 - (-28 - (-9 + -2))
23
3 + -18 + ((-6 + 16 - 2) + 2 - 9)
-14
What is the value of -335 - -318 - (16 - -1 - (1 + -3))?
-36
Calculate 11 + (0 - 1) + (12 - (28 + 61 + 11)).
-78
Evaluate -60 + (-43 - -92) - -20.
9
What is the value of -17 + (6 - (-5 + 3 + -8 + 5))?
-6
What is 9 + (-22 - 10) - (0 + 5 + 5 + 0)?
-33
-5 + 11 - (11 - -18 - 2)
-21
Evaluate 27 - (19 + (12 - 44) + -11).
51
Evaluate 0 - (10 + -1) - (-198 - 84 - -225).
48
136 - (38 - -49) - 87
-38
Evaluate 48 + (-26 - -14) + -5.
31
Evaluate (6 - -4 - (-4 + 17 - -21)) + (0 - -7).
-17
Evaluate -14 + 0 + -2 + 64 + 2.
50
What is -205 - ((-140 - -93) + -97)?
-61
What is the value of 19 + 21 - (-11 - -115)?
-64
Evaluate 74 + (173 + -185 - (11 - 1)).
52
What is (-39 - (44 + -46)) + 31 - 74?
-80
Evaluate -20 + (16 - 6) + -53 - ((-8 - -3) + -5).
-53
What is 8 + -9 + 40 + -48?
-9
-11 - ((-9 + -16 + 18 - 101) + 14)
83
What is -6 - (0 + -9) - (134 + -165 + 9 + 1)?
24
What is the value of (202 - 99) + -103 + 110?
110
55 - (-4 + -1 + 1 + 14)
45
Calculate (3 - 6) + 34 + 3 + -8 + 0.
26
3 - 65 - 0 - (-3939 - -3945)
-68
What is -34 - (-3 - (35 + (-31 - -14)))?
-13
(15 - 48) + 5 + -13 + 16
-25
Evaluate 109 - ((-38 - -18 - (-16 - 2)) + 1 + 5).
105
What is the value of 2 + (-6 - (-7 + -6)) + (12 - 2)?
19
Calculate (-2 - (0 + 0)) + -8 - (-2 + -41 - -30).
3
What is the value of 48 + -1 + (12 + -19 - 10 - (11 + -22))?
41
What is -9 + 0 + (5 - 3) + -6 + 5 - -39?
31
What is the value of -6 + 40 + -7 + (9 - 12 - (-1 + -8))?
33
What is (-10 - -2) + -98 + 145?
39
Calculate 8 - ((5 - (6 + 2) - 7) + 31 + 4).
-17
What is the value of (11 - (36 - -9)) + 48?
14
What is the value of 35 + (-54 - 18) + -3?
-40
Evaluate 11 + -13 + 1 + -55 + 29 + -20.
-47
37 - (0 + 2 - (36 + (-42 - -17))) - -5
51
(-1 - -15) + (-14 + 92 - 8 - 17)
67
Calculate -48 + (42 - (-92 + 49)).
37
Calculate -122 + 136 - (-36 + -2 + (-21 - -16)).
57
What is the value of 3 - 1 - (-5 - 2) - (-3536 + 3554)?
-9
What is (35 - 13 - 65) + 10?
-33
What is the value of -1 - (0 - -6) - (468 - 342)?
-133
What is the value of 1 + -71 - (1 + -6 - (35 - 55))?
-85
What is the value of 40 + 80 + -23 + -23?
74
Evaluate (664 - 731) + 5 + -37.
-99
Calculate (-61 - (46 - 133)) + -53.
-27
What is the value of -76 - -73 - (28 + 7 + -4)?
-34
Calculate -88 - (-108 - (-193 + 90)).
-83
Evaluate 37 - (-126 - -14) - 72.
77
What is 3 + -9 + (0 - 7) + (2 - (-40 - -4))?
25
Evaluate -22 + 19 - (82 + 23 + -27 + -4).
-77
What is -4 - (0 + -2) - (211 - 260) - -7?
54
Evaluate (-2 + -24 - (-42 + 31)) + 8 - -29.
22
Evaluate -6 + 148 + 53 + -89 - 26.
80
-8 + (-4 + (-3 - -1) - (-454 + 449)) + 45
36
Evaluate (4 - -2) + -21 + (-67 - (-3 + 21)).
-100
2 + -5 - (22 + -18) - (-8 + -24 + 11)
14
What is the value of (-3 - (-22 - -61 - 23)) + (-5 - -1) - -6?
-17
Evaluate 69 - 46 - (31 + -4) - -19.
15
What is the value of -4 + -23 + -3 + 56?
26
What is 28 + (-77 - -43) + 36?
30
What is the value of 0 + -102 - (-24 + 45 - 51)?
-72
((8 - 8) + -8 - (-3 + 6 + 14)) + 0
-25
Calculate 40 + (7 - (54 - 16)) - (1 - 3 - 72).
83
What is -26 - -19 - (-3 + -3 - -22)?
-23
Evaluate -2 - -1 - (1 + -1) - (-440 - (-727 - -236)).
-52
What is -8 - ((-2 - 2 - -2) + -69 - (-400 + 399))?
62
Evaluate -5 + -3 + -1 + (-36 + -62 - 24).
-131
32 + (3 - (5 - 0)) + (-8 - -11)
33
Evaluate -3 + (-8 - 8) + (-13 + (-11 - -18) - -5).
-20
22 + -78 - (-3 + 12 + (20 - 18))
-67
Evaluate 42 + 66 + (-3 - 35) - (1 - -6).
63
366 + -305 - (-5 - 2 - (-2 + -1))
65
-24 + 3 + -224 + 300
55
Evaluate 1 + 6 + (-28 - (-97 + 88)).
-12
Evaluate -47 + ((35 - 29) + (3 - -16) + -2 - 11).
-35
Evaluate -104 + 124 + 133 + -104.
49
What is 2 - ((2 - (-6 + 2)) + -18) - -20?
34
What is the value of 323 - 274 - (2 - -127)?
-80
(-104 - (-79 + -11)) + 68 + 0
54
What is the value of (-21 - -2) + 1 + 134 + (-374 - -235)?
-23
Evaluate (46 + 14 - 18) + -21 - -18.